{"id":28,"date":"2024-09-22T18:44:59","date_gmt":"2024-09-22T18:44:59","guid":{"rendered":"https:\/\/tanzen-mit-katrin.de\/?page_id=28"},"modified":"2024-09-22T18:44:59","modified_gmt":"2024-09-22T18:44:59","slug":"impressum","status":"publish","type":"page","link":"https:\/\/tanzen-mit-katrin.de\/?page_id=28","title":{"rendered":"Impressum"},"content":{"rendered":"\n<p>Katrin Neumann-Zumbr\u00e4gel<br>Tanzp\u00e4dagogin<br>Klingewalde 87<br>02828 G\u00f6rlitz<\/p>\n\n\n\n<h2 class=\"wp-block-heading\">Kontakt<\/h2>\n\n\n\n<p>Telefon: +49 172 3409915<br>E-Mail: k.neu-mann@web.de<\/p>\n\n\n\n<h2 class=\"wp-block-heading\">Umsatzsteuer-ID<\/h2>\n\n\n\n<p>Umsatzsteuer-Identifikationsnummer gem\u00e4\u00df \u00a7 27 a Umsatzsteuergesetz:<br>207 \/ 293 \/ 00366<\/p>\n","protected":false},"excerpt":{"rendered":"<p>Katrin Neumann-Zumbr\u00e4gelTanzp\u00e4dagoginKlingewalde 8702828 G\u00f6rlitz Kontakt Telefon: +49 172 3409915E-Mail: k.neu-mann@web.de Umsatzsteuer-ID Umsatzsteuer-Identifikationsnummer gem\u00e4\u00df \u00a7 27 a Umsatzsteuergesetz:207 \/ 293 \/ 00366<\/p>\n","protected":false},"author":1,"featured_media":0,"parent":0,"menu_order":0,"comment_status":"closed","ping_status":"closed","template":"","meta":{"footnotes":""},"class_list":["post-28","page","type-page","status-publish","hentry"],"_links":{"self":[{"href":"https:\/\/tanzen-mit-katrin.de\/index.php?rest_route=\/wp\/v2\/pages\/28","targetHints":{"allow":["GET"]}}],"collection":[{"href":"https:\/\/tanzen-mit-katrin.de\/index.php?rest_route=\/wp\/v2\/pages"}],"about":[{"href":"https:\/\/tanzen-mit-katrin.de\/index.php?rest_route=\/wp\/v2\/types\/page"}],"author":[{"embeddable":true,"href":"https:\/\/tanzen-mit-katrin.de\/index.php?rest_route=\/wp\/v2\/users\/1"}],"replies":[{"embeddable":true,"href":"https:\/\/tanzen-mit-katrin.de\/index.php?rest_route=%2Fwp%2Fv2%2Fcomments&post=28"}],"version-history":[{"count":1,"href":"https:\/\/tanzen-mit-katrin.de\/index.php?rest_route=\/wp\/v2\/pages\/28\/revisions"}],"predecessor-version":[{"id":29,"href":"https:\/\/tanzen-mit-katrin.de\/index.php?rest_route=\/wp\/v2\/pages\/28\/revisions\/29"}],"wp:attachment":[{"href":"https:\/\/tanzen-mit-katrin.de\/index.php?rest_route=%2Fwp%2Fv2%2Fmedia&parent=28"}],"curies":[{"name":"wp","href":"https:\/\/api.w.org\/{rel}","templated":true}]}}